*h(i). Is w(7) composite?
True
Let o be 0/(0 + -10 + 11). Let h(x) = x**3 + 6*x**2 - 2*x + 3. Let q be h(-6). Suppose q*v - 10*v - 6305 = o. Is v composite?
True
Is (1276370/(-60))/(2/4 + (-4)/6) a prime number?
True
Suppose -119238 - 15204 = -9*b. Suppose -6*k + b + 16880 = 0. Is k a prime number?
True
Suppose 38 + 38 = 4*l. Let q(n) = 12 - l + 4 - 63*n**3 - n**2. Is q(-2) a prime number?
False
Suppose -t + 195357 = -4*p, 5*p = -2*t + 9*p + 390686. Is t a composite number?
False
Suppose 0 = -3*i + 2*i. Let d(k) = 4 + 9 + k - 2 + i. Is d(15) a composite number?
True
Suppose -29*u + 48*u - 8340958 = -1882079. Is u composite?
True
Let q(m) = -13*m + 19. Suppose -5*h - 4*u + 0*u - 42 = 0, -3 = u. Is q(h) a prime number?
True
Let h = -3 - -8. Suppose 5*j = -h*w + 3*j + 5695, -3*w - 4*j = -3403. Is w prime?
False
Let t = -298 + 302. Suppose -t*x + 51 = -3*x + 4*v, 3*v = 3*x - 78. Is x a composite number?
False
Let z(b) = b**2 - 20*b + 26. Let c be z(20). Let r = 9 - c. Let f(l) = 10*l**2 + 24*l - 21. Is f(r) a composite number?
True
Suppose 0 = 3*u + 11*s - 12*s - 374696, 5*u - 5*s - 624510 = 0. Is u a composite number?
False
Suppose -3*q = -4*w + 3*w, 2*w - q = 25. Suppose -w*y + 10104 + 17421 = 0. Is y composite?
True
Suppose -33*x + 8 = -31*x. Let u be (15/(-9))/(x/(27 + -3)). Let s(h) = -h**3 - 7*h**2 - h + 13. Is s(u) prime?
False
Is -6*(-9 + 8) + 39535 a prime number?
True
Suppose 2*v = -26 + 38, r = -5*v + 221033. Is r composite?
True
Suppose 92*f = -90*f + 181*f + 3069785. Is f composite?
True
Suppose -29*b = -1662192 - 5978418 - 235732. Is b a composite number?
True
Suppose 34*v - 31*v = 327. Suppose -4*u - v = -2*h + u, 0 = -3*u + 9. Is h composite?
True
Suppose -6*w + 4*f + 1566367 = 5*w, -3*f = 3*w - 427191. Is w composite?
True
Let g be (-1)/(-3) + 35/21*1. Suppose -4*l = g*o - 12, 5*l = 6*o - o. Suppose -2*b + 2074 = o*b - 5*r, -b + 519 = -r. Is b prime?
True
Let c(k) = -907*k**3 + 6*k**2 - 58*k + 277. Is c(-18) prime?
False
Let x be 2/3 - 86/3. Let b = 31 + x. Suppose b*j = -4*u + 6 + 365, -291 = -3*u + 2*j. Is u a composite number?
True
Suppose 4*p = -m + 20, -4*p + m = p - 16. Suppose 2*q = -p*q + 42. Is 4/q - (-787)/7 a composite number?
False
Let x(g) = -816*g**3 + 16*g**2 + 4*g + 21. Let t(d) = 163*d**3 - 3*d**2 - d - 4. Let m(b) = 11*t(b) + 2*x(b). Is m(3) prime?
True
Let k(u) = 12*u**2 - 14*u - 21. Suppose -5*n = -5*d + 203 + 77, -2*d = 4*n + 212. Let q = 45 + n. Is k(q) a prime number?
False
Let x(o) = 142*o + 7. Let w(a) = 296*a + 15. Let z(n) = -4*w(n) + 9*x(n). Suppose -5*h + 34 = 9. Is z(h) a composite number?
True
Let g(r) = 7*r**2 - 15*r + 17. Let v be g(-13). Suppose -3*f = f + 3*u + 1114, -5*f = 5*u + v. Let t = f - -648. Is t a prime number?
False
Suppose -3*u - r - 106 = 0, u + 3*u - 2*r + 158 = 0. Let s = u - -89. Let k = 319 - s. Is k a prime number?
False
Let x be 1*7 + (-9 - -5). Suppose 34 - 13843 = -x*o. Suppose -3*p + 596 = -o. Is p prime?
True
Suppose 0*r = -12*r + 600. Let a = r + -53. Let p = 10 - a. Is p composite?
False
Suppose 0 = -10*p + 12*p + 12. Is -3*p/(54/49809) composite?
False
Suppose 6 = 4*p - 6. Suppose -4*q + 0*a = -a - 81, -2*a = p*q - 58. Is 17576/q + (-1)/(-5) a composite number?
True
Let k(s) = -81*s + 86. Let b be k(-9). Let a = b + -474. Is a prime?
False
Let a(m) = 5*m**2 - 26*m + 160. Let l be a(37). Let t = l - 3338. Is t composite?
True
Let z(r) = 148*r**2 - 5*r - 2. Let k be (-8)/6 - 154/42. Let l be z(k). Suppose 4*s = -5*o + l, 4*o - 3*s - 2*s = 2962. Is o a prime number?
True
Let s(l) = l**2 + 12*l + 21. Let u be s(-10). Let j be (-4 + u)/(-3)*(-113 - 3). Let o = j - -903. Is o prime?
True
Let x be (27/18)/((-12)/80). Is 1 + 11/55 + (-145138)/x a prime number?
False
Let a be (-266551)/(-57)*3/1. Let f = a - 8472. Is f a composite number?
False
Suppose -36*t + 31*t = 2*r - 1399093, 5*t - r - 1399111 = 0. Is t a composite number?
True
Let j be (100/3)/((-2)/9). Let f(g) = 14*g - 81. Let m be f(0). Let n = m - j. Is n a composite number?
True
Suppose y + 10 = -4*p + 7*p, -5*y = -2*p + 11. Is 1 - ((0 - y) + -2569) prime?
False
Let m(t) = -90*t - 1439. Let k be m(-16). Let b(u) = -766*u - 5. Let l(v) = 255*v + 2. Let w(h) = -3*b(h) - 8*l(h). Is w(k) a prime number?
True
Suppose -15*v - 3*v + 90 = 0. Let c(a) = 2*a**3 - 6*a**2 + a - 34. Is c(v) a prime number?
True
Suppose 3*q - 62*q = 37*q - 61139424. Is q a prime number?
False
Suppose -2*z = -8*z - 324. Let l = z + 49. Is 973 - (-3 + l/5) a prime number?
True
Suppose -127248 = 19*z + 5*z. Let f = 7663 + z. Is f composite?
True
Let x(f) = 2*f**3 - 49*f**2 + 26*f - 46. Let r be x(24). Is 10/r + (15090 - 0) a composite number?
True
Let r(y) = 19*y - 18 - y**3 + 5 + y**2 - 4*y**2 - 5*y**2. Let g be r(-10). Is g + (-1 - 7371/15)*-5 composite?
False
Let a(p) = p + 4. Let d be a(-6). Suppose 138 = 26*t - 6*t + 3*t. Is (-1)/((t/4197)/d) a prime number?
True
Suppose 5*j + 35 = 2*v, -3*v + 3*j - 7*j + 18 = 0. Let o = -9 + v. Is (-6)/(-4) - o/((-4)/214) prime?
False
Let j = 23 - 24. Let z be 1/(3/2247*j). Let w = z + 1336. Is w composite?
False
Let y(d) = -1 - 3*d + 187*d**3 + 0 + 66*d**2 - 222*d**3 + 6*d. Is y(-6) composite?
True
Let g be (-18)/30 - (-1577)/(-5). Let w be (g/(-16))/(3/12). Suppose -74*k = -w*k + 5935. Is k a prime number?
True
Let a(d) = 6*d**2 - 18*d + 923. Is a(-40) composite?
False
Suppose y = -5*y + 30. Suppose c - 1917 = -h, -y*h + 16 = -h. Is c prime?
True
Suppose 38027 = q + 2*u, -80*q + 75*q = -5*u - 190135. Is q a composite number?
True
Let l(v) = -231*v**3 - 2*v**2 - 201*v + 25. Is l(-14) a composite number?
True
Suppose 36*c + 40*c - 20*c = 497392. Is c prime?
False
Let f(k) = -k**3 + 11*k**2 - 10*k + 19. Suppose -2*r + 32 = -2*l + 6*l, -3*l - 2*r = -22. Let h be f(l). Let s = 1356 - h. Is s a composite number?
True
Let r(x) = 292*x**3 - 30*x**2 - 13*x + 24. Is r(5) a prime number?
False
Let x be ((-5)/(-4 + -6))/((-9)/(-216)). Is (x/8)/(6/7604) prime?
True
Let n(q) = 58*q**2 + q + 81. Let v be n(-9). Suppose 11*h - v = -7*h. Is h prime?
False
Suppose 2*q - 5 = -2*u + 5, -5*q + u + 19 = 0. Let t be (-18)/6*q/2. Is 48/18*t/(-4) - -3 prime?
True
Suppose l - 3*l + 280 = 0. Let j = -117 + l. Let t(z) = z**2 - 9*z - 3. Is t(j) a prime number?
False
Suppose -3*n + 8 = n, -3*n = -4*v + 102. Suppose -v*m - 11605 = -32*m. Is m a composite number?
True
Let u(s) = 67*s**2 - 120*s - 56. Is u(-49) composite?
True
Suppose 0 = -3*u + v + 152, u + 33 = 4*v + 80. Suppose 64*q - u*q = 167557. Is q a prime number?
True
Let k(v) = 3*v**3 + 28*v**2 - 70*v - 100. Is k(33) a composite number?
False
Suppose -1008 - 1560 = -8*f. Suppose -591 = -d - 5*k, 286 + f = d + k. Is d composite?
True
Let n be (178 - 84)/(2 - (-1502)/(-752)). Let i = 59313 - n. Is i composite?
True
Suppose 3*a = g - 36918, -a - 88501 = -3*g + 22269. Suppose -13*x - 1733 = -g. Is x a composite number?
False
Suppose 0*d + 2 = -d + v, -7 = 5*d - 2*v. Let p be d - 2/(-3)*(-3 + 6). Is 12/36 - ((-95)/3 + p) composite?
False
Suppose 0*h + 5*h + 3*j - 8000187 = 0, -2*h = 4*j - 3200072. Is h/176 - 1/8 a prime number?
True
Let q = -34234 - -104780. Suppose -188*p + q = -174*p. Is p a prime number?
True
Suppose 0 = n + 2*x - 15, 4*n - 28 - 32 = 4*x. Is (1*14966/(-35))/((-6)/n) composite?
False
Let r = 3 - 0. Let p(d) = 28*d + 241. Let m be p(-8). Suppose -2*y + 4158 = r*h, 4162 = 2*y - 13*h + m*h. Is y a prime number?
False
Is (-1883250 + 6)/(-12) - (3 + 0) prime?
False
Let h = -41446 + 65499. Is h a prime number?
False
Let d be 2/(-14)*-2 - (-79)/(-7). Let c(s) = -797*s - 26. Let j be c(d). Let f = -3222 + j. Is f a prime number?
True
Suppose -5*i + 10931851 = -4*k, 22*i + 5*k = 26*i - 8745479. Is i a prime number?
False
Suppose 22*q - 188460 = 699328. Is q composite?
True
Let j(f) = -4229*f + 2867. Is j(-28) a prime number?
False
Suppose -77363 - 2765 = -8*u. Let y = u - 6333. Is y composite?
True
Let v = 94 + -76. Let p(d) = -6*d**2 - 20*d + 7*d**2 + 10 + v. Is p(-21) a composite number?
True
Let b(t) = 987*t + 32. Let n(i) = -988*i - 32. Let s(q) = -3*b(q) - 4*n(q). Is s(5) a prime number?
True
Let h = -14 + 29. Suppose -31872 = -3*c + h*c. Let j = c - -3743. Is j a prime number?
True
Suppose 84*z - 127511557 + 18335497 = 0. Is z a composite number?
True
Let n(z) = z**